2222 (base 3) to base 7
-3565655
12284 (base 11) to base 10
17637
What is -1014c2 (base 14) in base 11?
-33a943
What is 1021533145 (base 6) in base 5?
10221241310
Convert 676931 (base 14) to base 9.
6545425
What is -20221432 (base 5) in base 15?
-338cc
-9d3a (base 15) to base 12
-17377
-1c160 (base 16) to base 9
-184722
What is -101010111101110001 (base 2) in base 3?
-22221101222
-2302253 (base 6) to base 12
-57989
What is -328cc (base 15) in base 5?
-20114432
Convert -11554022 (base 7) to base 4.
-3331210130
What is 110101001100100011 (base 2) in base 13?
7823b
3107806 (base 10) to base 16
2f6bde
What is 975 (base 15) in base 11?
1671
-360639 (base 10) to base 12
-154853
Convert -124442545 (base 6) to base 8.
-11312501
What is 100103211202 (base 4) in base 8?
20234542
What is -15a0b7 (base 12) in base 13?
-cc4c3
What is 1220231121 (base 4) in base 8?
1505531
What is -77396c (base 16) in base 12?
-2749838
-167711 (base 8) to base 16
-efc9
10112102121 (base 3) to base 9
115377
What is -4eac4 (base 15) in base 10?
-252184
375185 (base 13) to base 8
5034015
What is 101000000100011110001001 (base 2) in base 10?
10504073
Convert 217608 (base 9) to base 6.
2443012
What is -b8ae36 (base 15) in base 13?
-1a8c2b4
-10010010101111010111 (base 2) to base 6
-20514343
Convert -540716 (base 8) to base 16.
-2c1ce
Convert 13314342 (base 5) to base 15.
2a29c
Convert 237645 (base 8) to base 10.
81829
-b69b8 (base 15) to base 14
-1111a3
What is 13762b (base 12) in base 4?
1033013003
-106c54 (base 14) to base 16
-87eaa
1401104 (base 5) to base 3
1102210101
-5da38 (base 14) to base 16
-38182
What is -144120 (base 10) in base 5?
-14102440
What is 58e10 (base 15) in base 9?
471536
-91403 (base 16) to base 5
-123014242
301350 (base 8) to base 10
99048
What is 3d6ea1 (base 16) in base 7?
46135442
What is -12c038 (base 16) in base 14?
-23db96
What is -35616 (base 9) in base 14?
-8981
140515354 (base 6) to base 2
1010110101100010110110
172286 (base 9) to base 12
51896
85632 (base 10) to base 7
504441
-23b5 (base 12) to base 2
-111110111001
Convert -655031 (base 9) to base 15.
-7abb7
What is -4285468 (base 10) in base 12?
-1528024
Convert 1320421 (base 7) to base 9.
283374
Convert 29b7b (base 14) to base 2.
11001010101110001
What is 918896 (base 10) in base 7?
10544666
Convert -1407267 (base 8) to base 12.
-17189b
-94396 (base 16) to base 6
-21002434
-628aa5 (base 11) to base 13
-2937b9
Convert 23c48 (base 13) to base 16.
10109
What is -1795327 (base 12) in base 11?
-2863141
What is -130012102 (base 4) in base 13?
-40501
1010010101111010001 (base 2) to base 8
1225721
What is 13254 (base 16) in base 15?
18380
-1337856 (base 10) to base 11
-834173
Convert 1044067 (base 8) to base 16.
44837
-201011223 (base 4) to base 11
-92910
What is 4efb (base 16) in base 8?
47373
Convert 62997 (base 11) to base 4.
112120313
Convert -a856b (base 12) to base 16.
-36323
What is -23313513 (base 6) in base 16?
-b1135
What is -14005132 (base 7) in base 10?
-1295926
What is -100111100110001010011111 (base 2) in base 9?
-21470531
What is 412010 (base 6) in base 16?
8046
What is 41246 (base 7) in base 12?
59bb
6792a4 (base 13) to base 9
4540832
Convert 86a58 (base 11) to base 3.
20102101000
-1066413 (base 7) to base 9
-224223
Convert -1123013011 (base 4) to base 12.
-15bb71
Convert 100023312321 (base 4) to base 16.
40bdb9
Convert -1121110120 (base 3) to base 5.
-2003221
Convert 251877 (base 9) to base 8.
451436
What is -25ad0 (base 15) in base 12?
-59936
-5b51c (base 13) to base 15
-34ae7
-684c2 (base 14) to base 2
-111101110111011010
What is 8bfa3f (base 16) in base 12?
30a493b
Convert 59da8a (base 15) to base 4.
100121200003
What is 99048 (base 10) in base 6?
2042320
Convert 20112223330 (base 4) to base 8.
10265374
Convert -42656a (base 13) to base 12.
-630849
What is 1ba17 (base 13) in base 10?
54438
What is 470576 (base 12) in base 3?
2010222120000
-101220302100 (base 4) to base 13
-c5b602
Convert -721663 (base 9) to base 11.
-272402
-143046 (base 7) to base 13
-c675
What is 1120120404 (base 5) in base 4?
21203130133
What is -5a1cf9 (base 16) in base 10?
-5905657
Convert -9a7b7 (base 14) to base 5.
-43442332
Convert 4db70 (base 14) to base 5.
22112330
Convert -c7a4b (base 15) to base 9.
-1164828
Convert -10907c (base 14) to base 3.
-1001120210011
Convert -76331 (base 13) to base 12.
-a3788
What is -1813252 (base 9) in base 8?
-3672066
What is -1306014 (base 7) in base 10?
-170139
-12332303 (base 5) to base 9
-203822
-4644767 (base 8) to base 16
-1349f7
5149a (base 14) to base 2
101111110010100000
What is -46a44 (base 11) in base 6?
-1241532
Convert 1010101111111010010101 (base 2) to base 14.
534bd3
Convert -157277 (base 11) to base 5.
-30301044
Convert -285b855 (base 12) to base 15.
-a9b01e
Convert -2547288 (base 9) to base 11.
-86a129
-6573818 (base 9) to base 4
-31132131332
Convert 15a15 (base 13) to base 2.
1010000100100110
Convert -123e11 (base 15) to base 10.
-873916
-977798 (base 10) to base 6
-32542502
Convert -949010 (base 11) to base 2.
-101110011000110001101
What is -203051 (base 6) in base 5?
-1004411
What is -7221da (base 15) in base 3?
-101012120101221
23466 (base 12) to base 16
b8ce
10034033303 (base 5) to base 16
9993bc
18860a9 (base 13) to base 3
120010102101100
What is -12b59 (base 16) in base 4?
-102231121
-352638 (base 10) to base 5
-42241023
What is -203553025 (base 6) in base 7?
-42063635
What is -182356 (base 10) in base 2?
-101100100001010100
What is 3322047 (base 8) in base 9?
1612283
What is 50510665 (base 7) in base 8?
20023714
What is -7660 (base 9) in base 5?
-140033
What is 134030 (base 10) in base 11?
91776
23299 (base 12) to base 6
1001513
-13736 (base 10) to base 6
-143332
Convert -1014504 (base 8) to base 14.
-6dc68
Convert -184a703 (base 13) to base 5.
-4012401203
What is -29209 (base 16) in base 5?
-20342312
What is 614005 (base 9) in base 2?
1011000110100000000
24fc1 (base 16) to base 7
1200442
Convert -120a897 (base 14) to base 13.
-1a3408b
1002404110 (base 5) to base 9
3673828
160150 (base 8) to base 9
86721
-1972210 (base 10) to base 13
-5408b6
Convert -5357068 (base 9) to base 5.
-1213403242
Convert 110100001101001010 (base 2) to base 3.
101212022210
100010101101110011 (base 2) to base 6
3014151
b96960 (base 15) to base 3
121121200000100
What is 54200125 (base 6) in base 3?
10000101101222
-2321133 (base 4) to base 2
-10111001011111
What is 2c4549 (base 16) in base 5?
1220320241
-228314 (base 9) to base 12
-67564
-21221001202202 (base 3) to base 13
-b46a88
13051240 (base 8) to base 14
558812
Convert 35734 (base 15) to base 3.
22122201011
-11110110100100011 (base 2) to base 15
-27613
31212301330 (base 4) to base 8
15466174
-54220222 (base 6) to base 10
-1604534
-100102234 (base 5) to base 9
-660504
-1213321313 (base 4) to base 11
-270831
e92d (base 15) to base 12
2465a
Convert -15430200 (base 6) to base 14.
-103b4c
What is -170bb52 (base 12) in base 10?
-4748462
What is -3bb9a0 (base 15) in base 10?
-2874300
Convert 3111aa (base 14) to base 9.
3102174
What is -1144226 (base 7) in base 16?
-2388e
-266312 (base 9) to base 16
-2792c
-7896b9 (base 12) to base 4
-13111302231
What is 2b24c0 (base 16) in base 15?
3acb71
Convert -a2837 (base 14) to base 7.
-3216500
What is ac18d2 (base 14) in base 4?
112102230100
What is -101012012210100 (base 3) in base 6?
-312034530
Convert -5e8b5 (base 15) to base 8.
-1116411
-10015345 (base 6) to base 13
-9b73b
8cad97 (base 15) to base 16
668755
Convert -375251 (base 11) to base 15.
-ba8b3
What is -8509385 (base 10) in base 14?
-11b7133
Convert -20c40 (base 15) to base 12.
-50236
What is 73bd23 (base 14) in base 4?
32323101023
What is 5d805 (base 16) in base 3?
201110100111
-45974 (base 10) to base 14
-12a7c
What is 3d3be (base 15) in base 13?
6b645
Convert -121011201222 (base 3) to base 5.
-40142013
3acca (base 16) to base 12
b7462
Convert 111513 (base 7) to base 16.
4d5e
-22425133 (base 7) to base 11
-11167a6
Convert 3aec8 (base 15) to base 9.
317178
Convert -b92998 (base 13) to base 9.
-8155346
What is -10202120220020 (base 3) in base 8?
-7501324
-18d55 (base 15) to base 14
-21554
Convert 12351650 (base 7) to base 8.
4217223
Convert -2343034 (base 6) to base 15.
-26464
What is 585043 (base 11) in base 15?
135440
Conve